{"id":2343,"date":"2022-09-03T21:23:01","date_gmt":"2022-09-03T19:23:01","guid":{"rendered":"https:\/\/grinon.wordcamp.org\/2022\/?page_id=2343"},"modified":"2022-10-30T18:09:56","modified_gmt":"2022-10-30T17:09:56","slug":"woocommerce","status":"publish","type":"page","link":"https:\/\/grinon.wordcamp.org\/2022\/patrocinadores\/woocommerce\/","title":{"rendered":"WooCommerce"},"content":{"rendered":"\n<div class=\"wp-block-group is-nowrap is-layout-flex wp-container-core-group-is-layout-f56f613f wp-block-group-is-layout-flex\"><h1 class=\"wp-block-post-title\">WooCommerce<\/h1>\n\n\n<figure class=\"wp-block-image size-medium is-resized imgpatro\"><img decoding=\"async\" src=\"https:\/\/grinon.wordcamp.org\/2022\/files\/2022\/08\/pt-global-woocommerce-1-300x113.jpg\" alt=\"WooCommerce\" class=\"wp-image-1923\" width=\"250\" srcset=\"https:\/\/grinon.wordcamp.org\/2022\/files\/2022\/08\/pt-global-woocommerce-1-300x113.jpg 300w, https:\/\/grinon.wordcamp.org\/2022\/files\/2022\/08\/pt-global-woocommerce-1-768x288.jpg 768w, https:\/\/grinon.wordcamp.org\/2022\/files\/2022\/08\/pt-global-woocommerce-1-500x188.jpg 500w, https:\/\/grinon.wordcamp.org\/2022\/files\/2022\/08\/pt-global-woocommerce-1.jpg 800w\" sizes=\"(max-width: 300px) 100vw, 300px\" \/><\/figure>\n<\/div>\n\n\n\n<div class=\"wp-block-columns is-layout-flex wp-container-core-columns-is-layout-f56f613f wp-block-columns-is-layout-flex\">\n<div class=\"wp-block-column is-layout-flow wp-block-column-is-layout-flow\" style=\"flex-basis:100%\"><\/div>\n<\/div>\n\n\n\n<p class=\"wp-block-paragraph\">WooCommerce es la plataforma de comercio electr\u00f3nico m\u00e1s personalizable para construir exactamente la tienda que deseas. Desde productos f\u00edsicos hasta descargas digitales, servicios y suscripciones, vende en todo el mundo con la libertad de WordPress. WooCommerce est\u00e1 desarrollado y soportado por un equipo distribuido en Automattic, creadores de Jetpack y <a href=\"https:\/\/wordpress.com\/\" rel=\"nofollow\">WordPress.com<\/a>. Para m\u00e1s informaci\u00f3n, visite <a href=\"http:\/\/WooCommerce.com\">WooCommerce.com<\/a>.<\/p>\n\n\n\n<ul class=\"wp-block-list\">\n<li><a href=\"https:\/\/wordpress.org\/plugins\/woocommerce\/stats\/\">M\u00e1s de 5 millones de instalaciones activas<\/a><\/li>\n\n\n\n<li>M\u00e1s de 84 millones de descargas<\/li>\n\n\n\n<li><a href=\"https:\/\/woocommerce.com\/hosting-solutions\/\" rel=\"nofollow\">Opciones para tiendas nuevas, en crecimiento y de nivel empresarial<\/a><\/li>\n\n\n\n<li>M\u00e1s de 450 extensiones oficiales para a\u00f1adir caracter\u00edsticas y funcionalidades<\/li>\n<\/ul>\n","protected":false},"excerpt":{"rendered":"<p>WooCommerce es la plataforma de comercio electr\u00f3nico m\u00e1s personalizable para construir exactamente la tienda que deseas. Desde productos f\u00edsicos hasta descargas digitales, servicios y suscripciones, vende en todo el mundo con la libertad de WordPress. WooCommerce est\u00e1 desarrollado y soportado por un equipo distribuido en Automattic, creadores de Jetpack y WordPress.com. Para m\u00e1s informaci\u00f3n, visite [&hellip;]<\/p>\n","protected":false},"author":14297363,"featured_media":0,"parent":10,"menu_order":0,"comment_status":"closed","ping_status":"closed","template":"page-large-header","meta":{"_crdt_document":"","jetpack_post_was_ever_published":false,"footnotes":""},"class_list":["post-2343","page","type-page","status-publish","hentry"],"jetpack_sharing_enabled":true,"_links":{"self":[{"href":"https:\/\/grinon.wordcamp.org\/2022\/wp-json\/wp\/v2\/pages\/2343","targetHints":{"allow":["GET"]}}],"collection":[{"href":"https:\/\/grinon.wordcamp.org\/2022\/wp-json\/wp\/v2\/pages"}],"about":[{"href":"https:\/\/grinon.wordcamp.org\/2022\/wp-json\/wp\/v2\/types\/page"}],"author":[{"embeddable":true,"href":"https:\/\/grinon.wordcamp.org\/2022\/wp-json\/wp\/v2\/users\/14297363"}],"replies":[{"embeddable":true,"href":"https:\/\/grinon.wordcamp.org\/2022\/wp-json\/wp\/v2\/comments?post=2343"}],"version-history":[{"count":25,"href":"https:\/\/grinon.wordcamp.org\/2022\/wp-json\/wp\/v2\/pages\/2343\/revisions"}],"predecessor-version":[{"id":4035,"href":"https:\/\/grinon.wordcamp.org\/2022\/wp-json\/wp\/v2\/pages\/2343\/revisions\/4035"}],"up":[{"embeddable":true,"href":"https:\/\/grinon.wordcamp.org\/2022\/wp-json\/wp\/v2\/pages\/10"}],"wp:attachment":[{"href":"https:\/\/grinon.wordcamp.org\/2022\/wp-json\/wp\/v2\/media?parent=2343"}],"curies":[{"name":"wp","href":"https:\/\/api.w.org\/{rel}","templated":true}]}}