{"id":3436,"date":"2022-10-22T11:46:51","date_gmt":"2022-10-22T09:46:51","guid":{"rendered":"https:\/\/grinon.wordcamp.org\/2022\/?page_id=3436"},"modified":"2022-11-16T19:28:02","modified_gmt":"2022-11-16T18:28:02","slug":"elementor","status":"publish","type":"page","link":"https:\/\/grinon.wordcamp.org\/2022\/patrocinadores\/elementor\/","title":{"rendered":"Elementor"},"content":{"rendered":"\n<div class=\"wp-block-group is-nowrap is-layout-flex wp-container-core-group-is-layout-f56f613f wp-block-group-is-layout-flex\"><h1 class=\"wp-block-post-title\">Elementor<\/h1>\n\n\n<figure class=\"wp-block-image size-medium imgpatro\"><img loading=\"lazy\" decoding=\"async\" width=\"300\" height=\"113\" src=\"https:\/\/grinon.wordcamp.org\/2022\/files\/2022\/10\/elementor-logo-300x113.png\" alt=\"\" class=\"wp-image-3408\" srcset=\"https:\/\/grinon.wordcamp.org\/2022\/files\/2022\/10\/elementor-logo-300x113.png 300w, https:\/\/grinon.wordcamp.org\/2022\/files\/2022\/10\/elementor-logo-768x288.png 768w, https:\/\/grinon.wordcamp.org\/2022\/files\/2022\/10\/elementor-logo-500x188.png 500w, https:\/\/grinon.wordcamp.org\/2022\/files\/2022\/10\/elementor-logo.png 800w\" sizes=\"auto, (max-width: 300px) 100vw, 300px\" \/><\/figure>\n<\/div>\n\n\n\n<p class=\"wp-block-paragraph\">Elementor es una plataforma de creaci\u00f3n web l\u00edder en WordPress, que impulsa m\u00e1s de 10 millones de sitios web en 152 pa\u00edses. La plataforma de c\u00f3digo abierto de Elementor permite a los creadores web dise\u00f1ar, gestionar y alojar sus sitios web utilizando nuestra soluci\u00f3n todo en uno.<\/p>\n\n\n\n<p class=\"wp-block-paragraph\">Como usuario de Elementor, puedes:<\/p>\n\n\n\n<ul class=\"wp-block-list\">\n<li>Crear sitios web en una sola plataforma con creaciones web ilimitadas.<\/li>\n\n\n\n<li>Construir sitios web profesionales m\u00e1s r\u00e1pido y mejor para m\u00faltiples clientes y hacer crecer tu negocio de creaci\u00f3n web.<\/li>\n\n\n\n<li>Aprender, crecer y conectar con otros creadores web en la vibrante <a href=\"https:\/\/www.facebook.com\/groups\/elementorenespanol\">comunidad online de Elementor<\/a>.<\/li>\n<\/ul>\n\n\n\n<p class=\"wp-block-paragraph\">Empieza a construir tu futuro con Elementor hoy mismo. <a href=\"https:\/\/elementor.com\/?utm_source=word_campirun&amp;utm_medium=website&amp;utm_campaign=word_campirun_2022\" rel=\"nofollow\">APRENDE M\u00c1S<\/a><\/p>\n\n\n\n<figure class=\"wp-block-embed is-type-video is-provider-youtube wp-block-embed-youtube wp-embed-aspect-16-9 wp-has-aspect-ratio\"><div class=\"wp-block-embed__wrapper\">\n<span class=\"embed-youtube\" style=\"text-align:center; display: block;\"><iframe loading=\"lazy\" class=\"youtube-player\" width=\"640\" height=\"360\" src=\"https:\/\/www.youtube.com\/embed\/FXhbRudC8Rs?version=3&#038;rel=1&#038;showsearch=0&#038;showinfo=1&#038;iv_load_policy=1&#038;fs=1&#038;hl=es-ES&#038;autohide=2&#038;wmode=transparent\" allowfullscreen=\"true\" style=\"border:0;\" sandbox=\"allow-scripts allow-same-origin allow-popups allow-presentation allow-popups-to-escape-sandbox\"><\/iframe><\/span>\n<\/div><\/figure>\n","protected":false},"excerpt":{"rendered":"<p>Elementor es una plataforma de creaci\u00f3n web l\u00edder en WordPress, que impulsa m\u00e1s de 10 millones de sitios web en 152 pa\u00edses. La plataforma de c\u00f3digo abierto de Elementor permite a los creadores web dise\u00f1ar, gestionar y alojar sus sitios web utilizando nuestra soluci\u00f3n todo en uno. Como usuario de Elementor, puedes: Empieza a construir [&hellip;]<\/p>\n","protected":false},"author":14297363,"featured_media":0,"parent":10,"menu_order":0,"comment_status":"closed","ping_status":"closed","template":"page-large-header","meta":{"_crdt_document":"","jetpack_post_was_ever_published":false,"footnotes":""},"class_list":["post-3436","page","type-page","status-publish","hentry"],"jetpack_sharing_enabled":true,"_links":{"self":[{"href":"https:\/\/grinon.wordcamp.org\/2022\/wp-json\/wp\/v2\/pages\/3436","targetHints":{"allow":["GET"]}}],"collection":[{"href":"https:\/\/grinon.wordcamp.org\/2022\/wp-json\/wp\/v2\/pages"}],"about":[{"href":"https:\/\/grinon.wordcamp.org\/2022\/wp-json\/wp\/v2\/types\/page"}],"author":[{"embeddable":true,"href":"https:\/\/grinon.wordcamp.org\/2022\/wp-json\/wp\/v2\/users\/14297363"}],"replies":[{"embeddable":true,"href":"https:\/\/grinon.wordcamp.org\/2022\/wp-json\/wp\/v2\/comments?post=3436"}],"version-history":[{"count":7,"href":"https:\/\/grinon.wordcamp.org\/2022\/wp-json\/wp\/v2\/pages\/3436\/revisions"}],"predecessor-version":[{"id":4600,"href":"https:\/\/grinon.wordcamp.org\/2022\/wp-json\/wp\/v2\/pages\/3436\/revisions\/4600"}],"up":[{"embeddable":true,"href":"https:\/\/grinon.wordcamp.org\/2022\/wp-json\/wp\/v2\/pages\/10"}],"wp:attachment":[{"href":"https:\/\/grinon.wordcamp.org\/2022\/wp-json\/wp\/v2\/media?parent=3436"}],"curies":[{"name":"wp","href":"https:\/\/api.w.org\/{rel}","templated":true}]}}