{"id":440,"date":"2022-08-15T09:36:55","date_gmt":"2022-08-15T07:36:55","guid":{"rendered":"https:\/\/grinon.wordcamp.org\/2022\/?page_id=440"},"modified":"2022-11-11T16:11:01","modified_gmt":"2022-11-11T15:11:01","slug":"transporte","status":"publish","type":"page","link":"https:\/\/grinon.wordcamp.org\/2022\/transporte\/","title":{"rendered":"Transporte"},"content":{"rendered":"\n<div class=\"wp-block-columns is-layout-flex wp-container-core-columns-is-layout-f56f613f wp-block-columns-is-layout-flex\">\n<div class=\"wp-block-column is-layout-flow wp-block-column-is-layout-flow\">\n<h1 class=\"wp-block-heading\" id=\"transporte\">Transporte<\/h1>\n\n\n\n<nav aria-label=\"Tabla de contenidos\" class=\"wp-block-table-of-contents\"><ol><li><a class=\"wp-block-table-of-contents__entry\" href=\"https:\/\/grinon.wordcamp.org\/2022\/transporte\/#transporte\">Transporte<\/a><ol><li><a class=\"wp-block-table-of-contents__entry\" href=\"https:\/\/grinon.wordcamp.org\/2022\/transporte\/#autobuses-gratuitos-desde-atocha\">Autobuses gratuitos desde Atocha<\/a><ol><li><a class=\"wp-block-table-of-contents__entry\" href=\"https:\/\/grinon.wordcamp.org\/2022\/transporte\/#horarios\">Horarios<\/a><ol><li><a class=\"wp-block-table-of-contents__entry\" href=\"https:\/\/grinon.wordcamp.org\/2022\/transporte\/#sabado-19-de-noviembre\">S\u00e1bado 19 de noviembre<\/a><\/li><\/ol><\/li><\/ol><\/li><li><a class=\"wp-block-table-of-contents__entry\" href=\"https:\/\/grinon.wordcamp.org\/2022\/transporte\/#como-llegar\">\u00bfC\u00f3mo llegar?<\/a><ol><li><a class=\"wp-block-table-of-contents__entry\" href=\"https:\/\/grinon.wordcamp.org\/2022\/transporte\/#aparcarmiento\">Aparcarmiento<\/a><\/li><li><a class=\"wp-block-table-of-contents__entry\" href=\"https:\/\/grinon.wordcamp.org\/2022\/transporte\/#transporte-publico\">Transporte P\u00fablico<\/a><\/li><\/ol><\/li><\/ol><\/li><\/ol><\/nav>\n\n\n\n<h2 class=\"wp-block-heading\" id=\"autobuses-gratuitos-desde-atocha\">Autobuses gratuitos desde Atocha<\/h2>\n\n\n\n<figure class=\"wp-block-image aligncenter size-thumbnail\"><img loading=\"lazy\" decoding=\"async\" width=\"150\" height=\"150\" src=\"https:\/\/grinon.wordcamp.org\/2022\/files\/2022\/08\/bus-logo-150x150.png\" alt=\"\" class=\"wp-image-1774\" \/><\/figure>\n\n\n\n<p class=\"wp-block-paragraph\">Si no quieres preocuparte de coger el coche, puedes venir en el <strong>servicio gratu\u00edto de autobuses<\/strong> que nos proporciona el Ayuntamiento de Gri\u00f1\u00f3n, desde la estaci\u00f3n <a rel=\"noreferrer noopener\" href=\"https:\/\/goo.gl\/maps\/2VZryZvLfVHBXyHE7\" target=\"_blank\">Atocha &#8211; Renfe<\/a> (en el centro de Madrid) a la WordCamp.<\/p>\n\n\n\n<h3 class=\"wp-block-heading\" id=\"horarios\">Horarios<\/h3>\n\n\n\n<h4 class=\"wp-block-heading\" id=\"sabado-19-de-noviembre\">S\u00e1bado 19 de noviembre<\/h4>\n\n\n\n<p class=\"wp-block-paragraph\"><strong>Salida<\/strong> de Estaci\u00f3n de Atocha Renfe (Madrid), el autb\u00fas estar\u00e1 frente al <a rel=\"noreferrer noopener\" href=\"https:\/\/goo.gl\/maps\/7R4MF4xuQsKdW8X76\" target=\"_blank\">restaurante El Brillante<\/a>: <strong>8:00am<\/strong> y a las <strong>9:00am<\/strong>.<br><strong>Vuelta<\/strong> de WordCamp Gri\u00f1\u00f3n a Atocha Renfe (Madrid): <strong>8:30pm<\/strong> y a las <strong>11:30pm.<\/strong><\/p>\n\n\n\n<h2 class=\"wp-block-heading\" id=\"como-llegar\">\u00bfC\u00f3mo llegar?<\/h2>\n\n\n\n<p class=\"wp-block-paragraph\">La forma m\u00e1s r\u00e1pida de llegar hasta Gri\u00f1\u00f3n es por carretera.&nbsp;<\/p>\n\n\n\n<div class=\"wp-block-media-text alignwide is-stacked-on-mobile\"><figure class=\"wp-block-media-text__media\"><img loading=\"lazy\" decoding=\"async\" width=\"565\" height=\"441\" src=\"https:\/\/grinon.wordcamp.org\/2022\/files\/2022\/08\/mapa-llegar.png\" alt=\"\" class=\"wp-image-1562 size-full\" srcset=\"https:\/\/grinon.wordcamp.org\/2022\/files\/2022\/08\/mapa-llegar.png 565w, https:\/\/grinon.wordcamp.org\/2022\/files\/2022\/08\/mapa-llegar-300x234.png 300w, https:\/\/grinon.wordcamp.org\/2022\/files\/2022\/08\/mapa-llegar-384x300.png 384w\" sizes=\"auto, (max-width: 565px) 100vw, 565px\" \/><\/figure><div class=\"wp-block-media-text__content\">\n<p class=\"wp-block-paragraph\">El municipio tiene salida directa a:<\/p>\n\n\n\n<ul class=\"wp-block-list\">\n<li>Autov\u00eda M407: conecta con la M50.<\/li>\n\n\n\n<li>M-405: discurre de Gri\u00f1\u00f3n a Fuenlabrada, atravesando Humanes de Madrid.<\/li>\n\n\n\n<li>M-410: une Arroyomolinos y Parla.<\/li>\n\n\n\n<li>M-417: va de Gri\u00f1\u00f3n a Casarrubuelos por Cubas de la Sagra y conecta con la A-42.<\/li>\n\n\n\n<li>M-415: conecta el municipio con Illescas (Toledo).<\/li>\n\n\n\n<li>M-404: enlaza todo el extremo sur de Madrid, entre Navalcarnero y Villarejo de Salvan\u00e9s, y conecta Gri\u00f1\u00f3n con las autov\u00edas A-4 (Andaluc\u00eda), A-5 (Extremadura) y A-42 (Toledo).<\/li>\n<\/ul>\n<\/div><\/div>\n<\/div>\n<\/div>\n\n\n\n<div class=\"wp-block-columns is-layout-flex wp-container-core-columns-is-layout-f56f613f wp-block-columns-is-layout-flex\">\n<div class=\"wp-block-column is-layout-flow wp-block-column-is-layout-flow\" style=\"flex-basis:90%\">\n<h3 class=\"wp-block-heading\" id=\"aparcarmiento\">Aparcarmiento<\/h3>\n\n\n\n<figure class=\"wp-block-image aligncenter size-thumbnail\"><img loading=\"lazy\" decoding=\"async\" width=\"150\" height=\"150\" src=\"https:\/\/grinon.wordcamp.org\/2022\/files\/2022\/08\/parking-2-150x150.png\" alt=\"\" class=\"wp-image-1290\" srcset=\"https:\/\/grinon.wordcamp.org\/2022\/files\/2022\/08\/parking-2-150x150.png 150w, https:\/\/grinon.wordcamp.org\/2022\/files\/2022\/08\/parking-2.png 225w\" sizes=\"auto, (max-width: 150px) 100vw, 150px\" \/><\/figure>\n\n\n\n<p class=\"wp-block-paragraph\">Si decides venir en coche, dispones de <strong>varias zonas de aparcamiento gratuito<\/strong>, distribuidas por el pueblo:&nbsp;<\/p>\n\n\n\n<div class=\"wp-block-media-text alignwide is-stacked-on-mobile\" style=\"grid-template-columns:30% auto\"><figure class=\"wp-block-media-text__media\"><a href=\"https:\/\/goo.gl\/maps\/sC17xKErBSopzpMx5\" target=\"_blank\" rel=\"noreferrer noopener\"><img loading=\"lazy\" decoding=\"async\" width=\"300\" height=\"300\" src=\"https:\/\/grinon.wordcamp.org\/2022\/files\/2022\/08\/Parking1y2.png\" alt=\"\" class=\"wp-image-1187 size-full\" srcset=\"https:\/\/grinon.wordcamp.org\/2022\/files\/2022\/08\/Parking1y2.png 300w, https:\/\/grinon.wordcamp.org\/2022\/files\/2022\/08\/Parking1y2-150x150.png 150w\" sizes=\"auto, (max-width: 300px) 100vw, 300px\" \/><\/a><\/figure><div class=\"wp-block-media-text__content\">\n<ul class=\"wp-block-list\">\n<li>Calle <a href=\"https:\/\/goo.gl\/maps\/sC17xKErBSopzpMx5\" target=\"_blank\" rel=\"noreferrer noopener\">Fuente de la Salud 3,<\/a> 28971, (entrada por Calle Miguel Hern\u00e1ndez)<br><\/li>\n\n\n\n<li>Calle de la <a href=\"https:\/\/goo.gl\/maps\/gB8oKAmBcqEVijfK7\" target=\"_blank\" rel=\"noreferrer noopener\">Ermita 20<\/a> (detr\u00e1s del complejo deportivo &#8211; cultural)<\/li>\n<\/ul>\n<\/div><\/div>\n\n\n\n<p class=\"wp-block-paragraph\">Y si no encuentras sitio libre y no te importa dar un paseo por Gri\u00f1\u00f3n de no m\u00e1s de 10 minutos, tambi\u00e9n puedes aparcar en:&nbsp;<\/p>\n\n\n\n<div class=\"wp-block-media-text alignwide is-stacked-on-mobile\" style=\"grid-template-columns:30% auto\"><figure class=\"wp-block-media-text__media\"><a href=\"https:\/\/goo.gl\/maps\/VbXRiPgtYALfRmST7\" target=\"_blank\" rel=\"noreferrer noopener\"><img loading=\"lazy\" decoding=\"async\" width=\"384\" height=\"442\" src=\"https:\/\/grinon.wordcamp.org\/2022\/files\/2022\/08\/parking-3a.png\" alt=\"\" class=\"wp-image-1783 size-full\" srcset=\"https:\/\/grinon.wordcamp.org\/2022\/files\/2022\/08\/parking-3a.png 384w, https:\/\/grinon.wordcamp.org\/2022\/files\/2022\/08\/parking-3a-261x300.png 261w\" sizes=\"auto, (max-width: 384px) 100vw, 384px\" \/><\/a><\/figure><div class=\"wp-block-media-text__content\">\n<ul class=\"wp-block-list\">\n<li><a href=\"https:\/\/goo.gl\/maps\/VbXRiPgtYALfRmST7\" target=\"_blank\" rel=\"noreferrer noopener\">Paseo de la Mina 5<\/a><\/li>\n\n\n\n<li><a href=\"https:\/\/goo.gl\/maps\/x3ShRqQ4PtncHasN8\" target=\"_blank\" rel=\"noreferrer noopener\">Parking Municipal C\/Mayor<\/a> (junto al n\u00famero 105)<\/li>\n<\/ul>\n<\/div><\/div>\n\n\n\n<h3 class=\"wp-block-heading\" id=\"transporte-publico\">Transporte P\u00fablico<\/h3>\n\n\n\n<p class=\"wp-block-paragraph\">Y si, por ubicaci\u00f3n o por horario prefieres otra opci\u00f3n, tambi\u00e9n puedes llegar en <strong>transporte p\u00fablico<\/strong>:<\/p>\n\n\n\n<ul class=\"wp-block-list\">\n<li><a href=\"https:\/\/www.crtm.es\/tu-transporte-publico\/autobuses-interurbanos\/lineas\/8__460___.aspx\">L\u00ednea 460<\/a>: Madrid (Plaza El\u00edptica) &#8211; Parla &#8211; Batres (puedes llegar hasta Parla con la l\u00ednea C3 de Renfe &#8211; Cercan\u00edas).<\/li>\n\n\n\n<li><a href=\"https:\/\/www.crtm.es\/tu-transporte-publico\/autobuses-interurbanos\/lineas\/8__468___.aspx\">L\u00ednea 468<\/a>: Getafe &#8211; Gri\u00f1\u00f3n &#8211; Casarrubuelos &#8211; Serranillos del Valle (puedes llegar hasta Humanes de Madrid con la l\u00ednea C5 de Renfe &#8211; Cercan\u00edas).<\/li>\n\n\n\n<li><a href=\"https:\/\/www.crtm.es\/tu-transporte-publico\/autobuses-interurbanos\/lineas\/8_n_807___.aspx\">L\u00ednea noctura N-807<\/a>: Madrid (Atocha) &#8211; Getafe &#8211; Humanes de Madrid &#8211; Gri\u00f1\u00f3n<\/li>\n<\/ul>\n<\/div>\n<\/div>\n","protected":false},"excerpt":{"rendered":"<p>Transporte Autobuses gratuitos desde Atocha Si no quieres preocuparte de coger el coche, puedes venir en el servicio gratu\u00edto de autobuses que nos proporciona el Ayuntamiento de Gri\u00f1\u00f3n, desde la estaci\u00f3n Atocha &#8211; Renfe (en el centro de Madrid) a la WordCamp. Horarios S\u00e1bado 19 de noviembre Salida de Estaci\u00f3n de Atocha Renfe (Madrid), el [&hellip;]<\/p>\n","protected":false},"author":20535853,"featured_media":0,"parent":0,"menu_order":0,"comment_status":"closed","ping_status":"closed","template":"page-large-header","meta":{"_crdt_document":"","jetpack_post_was_ever_published":false,"footnotes":""},"class_list":["post-440","page","type-page","status-publish","hentry"],"jetpack_sharing_enabled":true,"_links":{"self":[{"href":"https:\/\/grinon.wordcamp.org\/2022\/wp-json\/wp\/v2\/pages\/440","targetHints":{"allow":["GET"]}}],"collection":[{"href":"https:\/\/grinon.wordcamp.org\/2022\/wp-json\/wp\/v2\/pages"}],"about":[{"href":"https:\/\/grinon.wordcamp.org\/2022\/wp-json\/wp\/v2\/types\/page"}],"author":[{"embeddable":true,"href":"https:\/\/grinon.wordcamp.org\/2022\/wp-json\/wp\/v2\/users\/20535853"}],"replies":[{"embeddable":true,"href":"https:\/\/grinon.wordcamp.org\/2022\/wp-json\/wp\/v2\/comments?post=440"}],"version-history":[{"count":132,"href":"https:\/\/grinon.wordcamp.org\/2022\/wp-json\/wp\/v2\/pages\/440\/revisions"}],"predecessor-version":[{"id":4421,"href":"https:\/\/grinon.wordcamp.org\/2022\/wp-json\/wp\/v2\/pages\/440\/revisions\/4421"}],"wp:attachment":[{"href":"https:\/\/grinon.wordcamp.org\/2022\/wp-json\/wp\/v2\/media?parent=440"}],"curies":[{"name":"wp","href":"https:\/\/api.w.org\/{rel}","templated":true}]}}

<div class="wp-block-columns is-layout-flex wp-container-core-columns-is-layout-f56f613f wp-block-columns-is-layout-flex">
<div class="wp-block-column is-layout-flow wp-block-column-is-layout-flow">
<h1 class="wp-block-heading" id="transporte">Transporte</h1>



<nav aria-label="Tabla de contenidos" class="wp-block-table-of-contents"><ol><li><a class="wp-block-table-of-contents__entry" href="https://grinon.wordcamp.org/2022/transporte/#transporte">Transporte</a><ol><li><a class="wp-block-table-of-contents__entry" href="https://grinon.wordcamp.org/2022/transporte/#autobuses-gratuitos-desde-atocha">Autobuses gratuitos desde Atocha</a><ol><li><a class="wp-block-table-of-contents__entry" href="https://grinon.wordcamp.org/2022/transporte/#horarios">Horarios</a><ol><li><a class="wp-block-table-of-contents__entry" href="https://grinon.wordcamp.org/2022/transporte/#sabado-19-de-noviembre">Sábado 19 de noviembre</a></li></ol></li></ol></li><li><a class="wp-block-table-of-contents__entry" href="https://grinon.wordcamp.org/2022/transporte/#como-llegar">¿Cómo llegar?</a><ol><li><a class="wp-block-table-of-contents__entry" href="https://grinon.wordcamp.org/2022/transporte/#aparcarmiento">Aparcarmiento</a></li><li><a class="wp-block-table-of-contents__entry" href="https://grinon.wordcamp.org/2022/transporte/#transporte-publico">Transporte Público</a></li></ol></li></ol></li></ol></nav>



<h2 class="wp-block-heading" id="autobuses-gratuitos-desde-atocha">Autobuses gratuitos desde Atocha</h2>



<figure class="wp-block-image aligncenter size-thumbnail"><img loading="lazy" decoding="async" width="150" height="150" src="https://grinon.wordcamp.org/2022/files/2022/08/bus-logo-150x150.png" alt="" class="wp-image-1774" /></figure>



<p class="wp-block-paragraph">Si no quieres preocuparte de coger el coche, puedes venir en el <strong>servicio gratuíto de autobuses</strong> que nos proporciona el Ayuntamiento de Griñón, desde la estación <a rel="noreferrer noopener" href="https://goo.gl/maps/2VZryZvLfVHBXyHE7" target="_blank">Atocha &#8211; Renfe</a> (en el centro de Madrid) a la WordCamp.</p>



<h3 class="wp-block-heading" id="horarios">Horarios</h3>



<h4 class="wp-block-heading" id="sabado-19-de-noviembre">Sábado 19 de noviembre</h4>



<p class="wp-block-paragraph"><strong>Salida</strong> de Estación de Atocha Renfe (Madrid), el autbús estará frente al <a rel="noreferrer noopener" href="https://goo.gl/maps/7R4MF4xuQsKdW8X76" target="_blank">restaurante El Brillante</a>: <strong>8:00am</strong> y a las <strong>9:00am</strong>.<br><strong>Vuelta</strong> de WordCamp Griñón a Atocha Renfe (Madrid): <strong>8:30pm</strong> y a las <strong>11:30pm.</strong></p>



<h2 class="wp-block-heading" id="como-llegar">¿Cómo llegar?</h2>



<p class="wp-block-paragraph">La forma más rápida de llegar hasta Griñón es por carretera.&nbsp;</p>



<div class="wp-block-media-text alignwide is-stacked-on-mobile"><figure class="wp-block-media-text__media"><img loading="lazy" decoding="async" width="565" height="441" src="https://grinon.wordcamp.org/2022/files/2022/08/mapa-llegar.png" alt="" class="wp-image-1562 size-full" srcset="https://grinon.wordcamp.org/2022/files/2022/08/mapa-llegar.png 565w, https://grinon.wordcamp.org/2022/files/2022/08/mapa-llegar-300x234.png 300w, https://grinon.wordcamp.org/2022/files/2022/08/mapa-llegar-384x300.png 384w" sizes="auto, (max-width: 565px) 100vw, 565px" /></figure><div class="wp-block-media-text__content">
<p class="wp-block-paragraph">El municipio tiene salida directa a:</p>



<ul class="wp-block-list">
<li>Autovía M407: conecta con la M50.</li>



<li>M-405: discurre de Griñón a Fuenlabrada, atravesando Humanes de Madrid.</li>



<li>M-410: une Arroyomolinos y Parla.</li>



<li>M-417: va de Griñón a Casarrubuelos por Cubas de la Sagra y conecta con la A-42.</li>



<li>M-415: conecta el municipio con Illescas (Toledo).</li>



<li>M-404: enlaza todo el extremo sur de Madrid, entre Navalcarnero y Villarejo de Salvanés, y conecta Griñón con las autovías A-4 (Andalucía), A-5 (Extremadura) y A-42 (Toledo).</li>
</ul>
</div></div>
</div>
</div>



<div class="wp-block-columns is-layout-flex wp-container-core-columns-is-layout-f56f613f wp-block-columns-is-layout-flex">
<div class="wp-block-column is-layout-flow wp-block-column-is-layout-flow" style="flex-basis:90%">
<h3 class="wp-block-heading" id="aparcarmiento">Aparcarmiento</h3>



<figure class="wp-block-image aligncenter size-thumbnail"><img loading="lazy" decoding="async" width="150" height="150" src="https://grinon.wordcamp.org/2022/files/2022/08/parking-2-150x150.png" alt="" class="wp-image-1290" srcset="https://grinon.wordcamp.org/2022/files/2022/08/parking-2-150x150.png 150w, https://grinon.wordcamp.org/2022/files/2022/08/parking-2.png 225w" sizes="auto, (max-width: 150px) 100vw, 150px" /></figure>



<p class="wp-block-paragraph">Si decides venir en coche, dispones de <strong>varias zonas de aparcamiento gratuito</strong>, distribuidas por el pueblo:&nbsp;</p>



<div class="wp-block-media-text alignwide is-stacked-on-mobile" style="grid-template-columns:30% auto"><figure class="wp-block-media-text__media"><a href="https://goo.gl/maps/sC17xKErBSopzpMx5" target="_blank" rel="noreferrer noopener"><img loading="lazy" decoding="async" width="300" height="300" src="https://grinon.wordcamp.org/2022/files/2022/08/Parking1y2.png" alt="" class="wp-image-1187 size-full" srcset="https://grinon.wordcamp.org/2022/files/2022/08/Parking1y2.png 300w, https://grinon.wordcamp.org/2022/files/2022/08/Parking1y2-150x150.png 150w" sizes="auto, (max-width: 300px) 100vw, 300px" /></a></figure><div class="wp-block-media-text__content">
<ul class="wp-block-list">
<li>Calle <a href="https://goo.gl/maps/sC17xKErBSopzpMx5" target="_blank" rel="noreferrer noopener">Fuente de la Salud 3,</a> 28971, (entrada por Calle Miguel Hernández)<br></li>



<li>Calle de la <a href="https://goo.gl/maps/gB8oKAmBcqEVijfK7" target="_blank" rel="noreferrer noopener">Ermita 20</a> (detrás del complejo deportivo &#8211; cultural)</li>
</ul>
</div></div>



<p class="wp-block-paragraph">Y si no encuentras sitio libre y no te importa dar un paseo por Griñón de no más de 10 minutos, también puedes aparcar en:&nbsp;</p>



<div class="wp-block-media-text alignwide is-stacked-on-mobile" style="grid-template-columns:30% auto"><figure class="wp-block-media-text__media"><a href="https://goo.gl/maps/VbXRiPgtYALfRmST7" target="_blank" rel="noreferrer noopener"><img loading="lazy" decoding="async" width="384" height="442" src="https://grinon.wordcamp.org/2022/files/2022/08/parking-3a.png" alt="" class="wp-image-1783 size-full" srcset="https://grinon.wordcamp.org/2022/files/2022/08/parking-3a.png 384w, https://grinon.wordcamp.org/2022/files/2022/08/parking-3a-261x300.png 261w" sizes="auto, (max-width: 384px) 100vw, 384px" /></a></figure><div class="wp-block-media-text__content">
<ul class="wp-block-list">
<li><a href="https://goo.gl/maps/VbXRiPgtYALfRmST7" target="_blank" rel="noreferrer noopener">Paseo de la Mina 5</a></li>



<li><a href="https://goo.gl/maps/x3ShRqQ4PtncHasN8" target="_blank" rel="noreferrer noopener">Parking Municipal C/Mayor</a> (junto al número 105)</li>
</ul>
</div></div>



<h3 class="wp-block-heading" id="transporte-publico">Transporte Público</h3>



<p class="wp-block-paragraph">Y si, por ubicación o por horario prefieres otra opción, también puedes llegar en <strong>transporte público</strong>:</p>



<ul class="wp-block-list">
<li><a href="https://www.crtm.es/tu-transporte-publico/autobuses-interurbanos/lineas/8__460___.aspx">Línea 460</a>: Madrid (Plaza Elíptica) &#8211; Parla &#8211; Batres (puedes llegar hasta Parla con la línea C3 de Renfe &#8211; Cercanías).</li>



<li><a href="https://www.crtm.es/tu-transporte-publico/autobuses-interurbanos/lineas/8__468___.aspx">Línea 468</a>: Getafe &#8211; Griñón &#8211; Casarrubuelos &#8211; Serranillos del Valle (puedes llegar hasta Humanes de Madrid con la línea C5 de Renfe &#8211; Cercanías).</li>



<li><a href="https://www.crtm.es/tu-transporte-publico/autobuses-interurbanos/lineas/8_n_807___.aspx">Línea noctura N-807</a>: Madrid (Atocha) &#8211; Getafe &#8211; Humanes de Madrid &#8211; Griñón</li>
</ul>
</div>
</div>

<p>Transporte Autobuses gratuitos desde Atocha Si no quieres preocuparte de coger el coche, puedes venir en el servicio gratuíto de autobuses que nos proporciona el Ayuntamiento de Griñón, desde la estación Atocha &#8211; Renfe (en el centro de Madrid) a la WordCamp. Horarios Sábado 19 de noviembre Salida de Estación de Atocha Renfe (Madrid), el [&hellip;]</p>
