{"id":3504,"date":"2024-11-20T07:22:42","date_gmt":"2024-11-20T06:22:42","guid":{"rendered":"https:\/\/grinon.wordcamp.org\/2024\/?page_id=3504"},"modified":"2024-11-20T07:22:43","modified_gmt":"2024-11-20T06:22:43","slug":"ubicacion","status":"publish","type":"page","link":"https:\/\/grinon.wordcamp.org\/2024\/ubicacion\/","title":{"rendered":"ubicaci\u00f3n"},"content":{"rendered":"\n<h1 class=\"wp-block-heading\">UBICACI\u00d3N<\/h1>\n\n\n\n<p class=\"has-medium-font-size\">Te esperamos en el <a href=\"https:\/\/maps.app.goo.gl\/tEsZ7z96AjYDJtEV6\" target=\"_blank\" rel=\"noreferrer noopener\">Teatro<\/a> y <a href=\"https:\/\/maps.app.goo.gl\/sMvjhttZJpcU3pKF8\" target=\"_blank\" rel=\"noreferrer noopener\">Centro cultural<\/a> de Gri\u00f1\u00f3n. Un espacio privilegiado con distintos ambientes para que puedas disfrutar de conferencias, talleres y mucho networking, a solo 30 minutos del centro de Madrid.&nbsp;<\/p>\n\n\n\n<p class=\"has-medium-font-size\">Y lo mejor de todo, con <strong><a href=\"https:\/\/grinon.wordcamp.org\/2024\/transporte\/\">autob\u00fas gratis<\/a> desde la Estaci\u00f3n de Atocha- Renfe<\/strong>, tanto para la ida como para la vuelta, gracias a la colaboraci\u00f3n del Ayuntamiento de Gri\u00f1\u00f3n.<\/p>\n\n\n\n<p class=\"has-medium-font-size\">Habr\u00e1 dos horarios de ida, a las 8h para los m\u00e1s madrugadores y a las 9h, si te quedas dormido.<\/p>\n\n\n\n<p class=\"has-medium-font-size\">Para la vuelta habr\u00e1 un autob\u00fas a las 19:30, aunque te recomendamos quedarte a la After Party e irte despu\u00e9s, en el autob\u00fas que sale a las 23:30.<\/p>\n\n\n\n<p><a href=\"https:\/\/grinon.wordcamp.org\/2024\/transporte\/\">M\u00e1s informaci\u00f3n<\/a> de los medios para llegar a WordCamp Gri\u00f1\u00f3n.<\/p>\n\n\n\n<div class=\"wp-block-group is-vertical is-content-justification-center is-layout-flex wp-container-core-group-is-layout-ce155fab wp-block-group-is-layout-flex\">\n<figure class=\"wp-block-image size-full has-custom-border img-locate is-style-rounded is-style-rounded--1\" id=\"img-locate\"><img data-recalc-dims=\"1\" loading=\"lazy\" decoding=\"async\" width=\"720\" height=\"368\" src=\"https:\/\/i0.wp.com\/grinon.wordcamp.org\/2024\/files\/2024\/05\/entrada-wordcamp-grinon-2024.jpeg?resize=720%2C368&#038;ssl=1\" alt=\"Edificio de la entrada al centro cultural donde se realizar\u00e1 WordCamp Gri\u00f1\u00f3n con cartel en la parte superior que pone WordCamp Gri\u00f1\u00f3n\" class=\"wp-image-1343\" style=\"border-radius:24px\" srcset=\"https:\/\/i0.wp.com\/grinon.wordcamp.org\/2024\/files\/2024\/05\/entrada-wordcamp-grinon-2024.jpeg?w=720&amp;ssl=1 720w, https:\/\/i0.wp.com\/grinon.wordcamp.org\/2024\/files\/2024\/05\/entrada-wordcamp-grinon-2024.jpeg?resize=300%2C153&amp;ssl=1 300w, https:\/\/i0.wp.com\/grinon.wordcamp.org\/2024\/files\/2024\/05\/entrada-wordcamp-grinon-2024.jpeg?resize=500%2C256&amp;ssl=1 500w\" sizes=\"auto, (max-width: 720px) 100vw, 720px\" \/><figcaption class=\"wp-element-caption\">Edificio de la entrada al centro cultural donde se realizar\u00e1 WordCamp Gri\u00f1\u00f3n con cartel en la parte superior que pone WordCamp Gri\u00f1\u00f3n<\/figcaption><\/figure>\n<\/div>\n","protected":false},"excerpt":{"rendered":"<p>C\u00f3mo llegar a WordCamp Gri\u00f1\u00f3n 2024<\/p>\n","protected":false},"author":14297363,"featured_media":587,"parent":0,"menu_order":0,"comment_status":"closed","ping_status":"closed","template":"page-no-title","meta":{"advanced_seo_description":"","jetpack_seo_html_title":"","jetpack_seo_noindex":false,"jetpack_post_was_ever_published":false,"footnotes":""},"class_list":["post-3504","page","type-page","status-publish","has-post-thumbnail","hentry"],"jetpack_sharing_enabled":true,"jetpack-related-posts":[{"id":646,"url":"https:\/\/grinon.wordcamp.org\/2024\/transporte\/","url_meta":{"origin":3504,"position":0},"title":"Transporte","author":"David Plaza","date":"05\/05\/2024","format":false,"excerpt":"Informaci\u00f3n de c\u00f3mo llegar a WordCamp Gri\u00f1\u00f3n 2024","rel":"","context":"Entrada similar","block_context":{"text":"Entrada similar","link":""},"img":{"alt_text":"Autob\u00fas gratuito desde Madrid cerca de la estaci\u00f3n de Atocha","src":"https:\/\/i0.wp.com\/grinon.wordcamp.org\/2024\/files\/2024\/04\/bus-wordcamp-grinon-2024.webp?fit=1200%2C722&ssl=1&resize=350%2C200","width":350,"height":200,"srcset":"https:\/\/i0.wp.com\/grinon.wordcamp.org\/2024\/files\/2024\/04\/bus-wordcamp-grinon-2024.webp?fit=1200%2C722&ssl=1&resize=350%2C200 1x, https:\/\/i0.wp.com\/grinon.wordcamp.org\/2024\/files\/2024\/04\/bus-wordcamp-grinon-2024.webp?fit=1200%2C722&ssl=1&resize=525%2C300 1.5x, https:\/\/i0.wp.com\/grinon.wordcamp.org\/2024\/files\/2024\/04\/bus-wordcamp-grinon-2024.webp?fit=1200%2C722&ssl=1&resize=700%2C400 2x, https:\/\/i0.wp.com\/grinon.wordcamp.org\/2024\/files\/2024\/04\/bus-wordcamp-grinon-2024.webp?fit=1200%2C722&ssl=1&resize=1050%2C600 3x"},"classes":[]},{"id":283,"url":"https:\/\/grinon.wordcamp.org\/2024\/","url_meta":{"origin":3504,"position":1},"title":"Inicio","author":"flopez1977","date":"06\/04\/2024","format":false,"excerpt":"Si tienes un negocio online, vendes a trav\u00e9s de Internet o te dedicas a crear este tipo de sitios web para tus clientes. WordCamp Gri\u00f1\u00f3n 2024. Enfocada en e-commerce.","rel":"","context":"Entrada similar","block_context":{"text":"Entrada similar","link":""},"img":{"alt_text":"","src":"https:\/\/i0.wp.com\/grinon.wordcamp.org\/2024\/files\/2024\/05\/entrada-wordcamp-grinon-2024-4.webp?fit=1200%2C613&ssl=1&resize=350%2C200","width":350,"height":200,"srcset":"https:\/\/i0.wp.com\/grinon.wordcamp.org\/2024\/files\/2024\/05\/entrada-wordcamp-grinon-2024-4.webp?fit=1200%2C613&ssl=1&resize=350%2C200 1x, https:\/\/i0.wp.com\/grinon.wordcamp.org\/2024\/files\/2024\/05\/entrada-wordcamp-grinon-2024-4.webp?fit=1200%2C613&ssl=1&resize=525%2C300 1.5x, https:\/\/i0.wp.com\/grinon.wordcamp.org\/2024\/files\/2024\/05\/entrada-wordcamp-grinon-2024-4.webp?fit=1200%2C613&ssl=1&resize=700%2C400 2x, https:\/\/i0.wp.com\/grinon.wordcamp.org\/2024\/files\/2024\/05\/entrada-wordcamp-grinon-2024-4.webp?fit=1200%2C613&ssl=1&resize=1050%2C600 3x"},"classes":[]},{"id":14,"url":"https:\/\/grinon.wordcamp.org\/2024\/asistentes\/","url_meta":{"origin":3504,"position":2},"title":"Asistentes","author":"David Plaza","date":"05\/05\/2024","format":false,"excerpt":"Listado de asistentes que han comprado su entrada para WordCamp Gri\u00f1\u00f3n y han autorizado aparecer en este listado.","rel":"","context":"Entrada similar","block_context":{"text":"Entrada similar","link":""},"img":{"alt_text":"comida wordcamp grin\u0303on 2022","src":"https:\/\/i0.wp.com\/grinon.wordcamp.org\/2024\/files\/2024\/04\/comida-wordcamp-grinon.webp?fit=1200%2C375&ssl=1&resize=350%2C200","width":350,"height":200,"srcset":"https:\/\/i0.wp.com\/grinon.wordcamp.org\/2024\/files\/2024\/04\/comida-wordcamp-grinon.webp?fit=1200%2C375&ssl=1&resize=350%2C200 1x, https:\/\/i0.wp.com\/grinon.wordcamp.org\/2024\/files\/2024\/04\/comida-wordcamp-grinon.webp?fit=1200%2C375&ssl=1&resize=525%2C300 1.5x, https:\/\/i0.wp.com\/grinon.wordcamp.org\/2024\/files\/2024\/04\/comida-wordcamp-grinon.webp?fit=1200%2C375&ssl=1&resize=700%2C400 2x, https:\/\/i0.wp.com\/grinon.wordcamp.org\/2024\/files\/2024\/04\/comida-wordcamp-grinon.webp?fit=1200%2C375&ssl=1&resize=1050%2C600 3x"},"classes":[]},{"id":648,"url":"https:\/\/grinon.wordcamp.org\/2024\/dormir\/","url_meta":{"origin":3504,"position":3},"title":"alojamiento","author":"freelancesgroup","date":"07\/04\/2024","format":false,"excerpt":"Informaci\u00f3n de alojamientos cercanos a WordCamp Gri\u00f1\u00f3n 2024","rel":"","context":"Entrada similar","block_context":{"text":"Entrada similar","link":""},"img":{"alt_text":"","src":"https:\/\/i0.wp.com\/grinon.wordcamp.org\/2024\/files\/2024\/05\/entrada-wordcamp-grinon-2024-4.webp?fit=1200%2C613&ssl=1&resize=350%2C200","width":350,"height":200,"srcset":"https:\/\/i0.wp.com\/grinon.wordcamp.org\/2024\/files\/2024\/05\/entrada-wordcamp-grinon-2024-4.webp?fit=1200%2C613&ssl=1&resize=350%2C200 1x, https:\/\/i0.wp.com\/grinon.wordcamp.org\/2024\/files\/2024\/05\/entrada-wordcamp-grinon-2024-4.webp?fit=1200%2C613&ssl=1&resize=525%2C300 1.5x, https:\/\/i0.wp.com\/grinon.wordcamp.org\/2024\/files\/2024\/05\/entrada-wordcamp-grinon-2024-4.webp?fit=1200%2C613&ssl=1&resize=700%2C400 2x, https:\/\/i0.wp.com\/grinon.wordcamp.org\/2024\/files\/2024\/05\/entrada-wordcamp-grinon-2024-4.webp?fit=1200%2C613&ssl=1&resize=1050%2C600 3x"},"classes":[]},{"id":13,"url":"https:\/\/grinon.wordcamp.org\/2024\/tickets\/","url_meta":{"origin":3504,"position":4},"title":"Comprar Entradas","author":"David Plaza","date":"17\/06\/2024","format":false,"excerpt":"Compra tu entrada para WordCamp Gri\u00f1\u00f3n 2024.","rel":"","context":"Entrada similar","block_context":{"text":"Entrada similar","link":""},"img":{"alt_text":"","src":"https:\/\/i0.wp.com\/grinon.wordcamp.org\/2024\/files\/2024\/05\/entrada-wordcamp-grinon-2024-4.webp?fit=1200%2C613&ssl=1&resize=350%2C200","width":350,"height":200,"srcset":"https:\/\/i0.wp.com\/grinon.wordcamp.org\/2024\/files\/2024\/05\/entrada-wordcamp-grinon-2024-4.webp?fit=1200%2C613&ssl=1&resize=350%2C200 1x, https:\/\/i0.wp.com\/grinon.wordcamp.org\/2024\/files\/2024\/05\/entrada-wordcamp-grinon-2024-4.webp?fit=1200%2C613&ssl=1&resize=525%2C300 1.5x, https:\/\/i0.wp.com\/grinon.wordcamp.org\/2024\/files\/2024\/05\/entrada-wordcamp-grinon-2024-4.webp?fit=1200%2C613&ssl=1&resize=700%2C400 2x, https:\/\/i0.wp.com\/grinon.wordcamp.org\/2024\/files\/2024\/05\/entrada-wordcamp-grinon-2024-4.webp?fit=1200%2C613&ssl=1&resize=1050%2C600 3x"},"classes":[]},{"id":2938,"url":"https:\/\/grinon.wordcamp.org\/2024\/programa-2024\/","url_meta":{"origin":3504,"position":5},"title":"Programa wordcamp gri\u00f1\u00f3n 2024","author":"David Plaza","date":"15\/10\/2024","format":false,"excerpt":"Programa de WordCamp Gri\u00f1\u00f3n 2024","rel":"","context":"Entrada similar","block_context":{"text":"Entrada similar","link":""},"img":{"alt_text":"","src":"https:\/\/i0.wp.com\/grinon.wordcamp.org\/2024\/files\/2024\/05\/cropped-logo-wordcamp-grinon-madrid-ico-2.png?fit=512%2C512&resize=350%2C200#038;ssl=1","width":350,"height":200},"classes":[]}],"jetpack_shortlink":"https:\/\/wp.me\/PeSE0T-Uw","_links":{"self":[{"href":"https:\/\/grinon.wordcamp.org\/2024\/wp-json\/wp\/v2\/pages\/3504","targetHints":{"allow":["GET"]}}],"collection":[{"href":"https:\/\/grinon.wordcamp.org\/2024\/wp-json\/wp\/v2\/pages"}],"about":[{"href":"https:\/\/grinon.wordcamp.org\/2024\/wp-json\/wp\/v2\/types\/page"}],"author":[{"embeddable":true,"href":"https:\/\/grinon.wordcamp.org\/2024\/wp-json\/wp\/v2\/users\/14297363"}],"replies":[{"embeddable":true,"href":"https:\/\/grinon.wordcamp.org\/2024\/wp-json\/wp\/v2\/comments?post=3504"}],"version-history":[{"count":1,"href":"https:\/\/grinon.wordcamp.org\/2024\/wp-json\/wp\/v2\/pages\/3504\/revisions"}],"predecessor-version":[{"id":3507,"href":"https:\/\/grinon.wordcamp.org\/2024\/wp-json\/wp\/v2\/pages\/3504\/revisions\/3507"}],"wp:featuredmedia":[{"embeddable":true,"href":"https:\/\/grinon.wordcamp.org\/2024\/wp-json\/wp\/v2\/media\/587"}],"wp:attachment":[{"href":"https:\/\/grinon.wordcamp.org\/2024\/wp-json\/wp\/v2\/media?parent=3504"}],"curies":[{"name":"wp","href":"https:\/\/api.w.org\/{rel}","templated":true}]}}